{"version":"1.0","provider_name":"Berkel Info","provider_url":"https:\/\/deberkel.info","author_name":"berkelcompagnie","author_url":"https:\/\/deberkel.info\/author\/berkelcompagnie\/","title":"Renaturierung Berkel Vreden-Rekken - Berkel Info","type":"rich","width":600,"height":338,"html":"<blockquote class=\"wp-embedded-content\" data-secret=\"IncroJTS7z\"><a href=\"https:\/\/deberkel.info\/de\/renaturierung-berkel-vreden-rekken\/\">Renaturierung Berkel Vreden-Rekken<\/a><\/blockquote><iframe sandbox=\"allow-scripts\" security=\"restricted\" src=\"https:\/\/deberkel.info\/de\/renaturierung-berkel-vreden-rekken\/embed\/#?secret=IncroJTS7z\" width=\"600\" height=\"338\" title=\"&#8222;Renaturierung Berkel Vreden-Rekken&#8220; &#8211; Berkel Info\" data-secret=\"IncroJTS7z\" frameborder=\"0\" marginwidth=\"0\" marginheight=\"0\" scrolling=\"no\" class=\"wp-embedded-content\"><\/iframe><script type=\"text\/javascript\">\n\/* <![CDATA[ *\/\n\/*! This file is auto-generated *\/\n!function(d,l){\"use strict\";l.querySelector&&d.addEventListener&&\"undefined\"!=typeof URL&&(d.wp=d.wp||{},d.wp.receiveEmbedMessage||(d.wp.receiveEmbedMessage=function(e){var t=e.data;if((t||t.secret||t.message||t.value)&&!\/[^a-zA-Z0-9]\/.test(t.secret)){for(var s,r,n,a=l.querySelectorAll('iframe[data-secret=\"'+t.secret+'\"]'),o=l.querySelectorAll('blockquote[data-secret=\"'+t.secret+'\"]'),c=new RegExp(\"^https?:$\",\"i\"),i=0;i<o.length;i++)o[i].style.display=\"none\";for(i=0;i<a.length;i++)s=a[i],e.source===s.contentWindow&&(s.removeAttribute(\"style\"),\"height\"===t.message?(1e3<(r=parseInt(t.value,10))?r=1e3:~~r<200&&(r=200),s.height=r):\"link\"===t.message&&(r=new URL(s.getAttribute(\"src\")),n=new URL(t.value),c.test(n.protocol))&&n.host===r.host&&l.activeElement===s&&(d.top.location.href=t.value))}},d.addEventListener(\"message\",d.wp.receiveEmbedMessage,!1),l.addEventListener(\"DOMContentLoaded\",function(){for(var e,t,s=l.querySelectorAll(\"iframe.wp-embedded-content\"),r=0;r<s.length;r++)(t=(e=s[r]).getAttribute(\"data-secret\"))||(t=Math.random().toString(36).substring(2,12),e.src+=\"#?secret=\"+t,e.setAttribute(\"data-secret\",t)),e.contentWindow.postMessage({message:\"ready\",secret:t},\"*\")},!1)))}(window,document);\n\/* ]]> *\/\n<\/script>\n","thumbnail_url":"https:\/\/deberkel.info\/wp-content\/uploads\/2020\/02\/20191127BeekherstelBerkelVredenRekkenFoto-600x338-1.jpg","thumbnail_width":600,"thumbnail_height":338,"description":"Eine Studie wird ausgef\u00fchrt welche M\u00f6glichkeiten es gibt f\u00fcr Renaturierung der Berkel zwischen Vreden in Deutschland und Rekken in den Niederlanden. Es geht hier also um internationale Zusammenarbeit. Sehe hierunter die Pr\u00e4sentation von Karel Hesselink von Waterschap Rijn en IJssel &hellip; Weiterlesen &rarr;"}

Eine Studie wird ausgeführt welche Möglichkeiten es gibt für Renaturierung der Berkel zwischen Vreden in Deutschland und Rekken in den Niederlanden. Es geht hier also um internationale Zusammenarbeit. Sehe hierunter die Präsentation von Karel Hesselink von Waterschap Rijn en IJssel &hellip; Weiterlesen &rarr;
