{"id":11791,"date":"2020-02-29T17:50:09","date_gmt":"2020-02-29T17:50:09","guid":{"rendered":"http:\/\/deberkel.info\/?page_id=11791"},"modified":"2020-02-29T17:53:15","modified_gmt":"2020-02-29T17:53:15","slug":"renaturierung-berkel-vreden-rekken","status":"publish","type":"page","link":"https:\/\/deberkel.info\/de\/renaturierung-berkel-vreden-rekken\/","title":{"rendered":"Renaturierung Berkel Vreden-Rekken"},"content":{"rendered":"<p><img loading=\"lazy\" decoding=\"async\" class=\"alignnone size-full wp-image-11788\" src=\"\/wp-content\/uploads\/2020\/02\/20191127BeekherstelBerkelVredenRekkenFoto-600x338-1.jpg\" alt=\"\" width=\"600\" height=\"338\" srcset=\"https:\/\/deberkel.info\/wp-content\/uploads\/2020\/02\/20191127BeekherstelBerkelVredenRekkenFoto-600x338-1.jpg 600w, https:\/\/deberkel.info\/wp-content\/uploads\/2020\/02\/20191127BeekherstelBerkelVredenRekkenFoto-600x338-1-300x169.jpg 300w, https:\/\/deberkel.info\/wp-content\/uploads\/2020\/02\/20191127BeekherstelBerkelVredenRekkenFoto-600x338-1-500x282.jpg 500w\" sizes=\"auto, (max-width: 600px) 100vw, 600px\" \/><br \/>\nEine Studie wird ausgef\u00fchrt welche M\u00f6glichkeiten es gibt f\u00fcr Renaturierung der Berkel zwischen Vreden in Deutschland und Rekken in den Niederlanden.<br \/>\nEs geht hier also um internationale Zusammenarbeit.<\/p>\n<p>Sehe hierunter die Pr\u00e4sentation von Karel Hesselink von <a href=\"https:\/\/www.wrij.nl\" target=\"_blank\" rel=\"noopener noreferrer\">Waterschap Rijn en IJssel<\/a> (<a href=\"http:\/\/dieberkel.eu\/2019\/12\/04\/rueckblick_termin-natur-umwelt-landschaft\/\" target=\"_blank\" rel=\"noopener noreferrer\">Austausch \u201eNatur, Umwelt und Landschaft an der Berkel\u201c<\/a>&nbsp;am 27.11.2019 in&nbsp;<a href=\"https:\/\/www.kult-westmuensterland.de\/\" target=\"_blank\" rel=\"noopener noreferrer\">Kult Westm\u00fcnsterland<\/a> in Vreden).<\/p>\n<a href=\"\/wp-content\/uploads\/2020\/02\/08_-Karel-Hesselink_berkel-Vreden-Rekken-1.pdf\" class=\"pdfemb-viewer\" style=\"width: 800px; \" data-width=\"800\" data-height=\"max\" data-mobile-width=\"500\"  data-scrollbar=\"none\" data-download=\"on\" data-tracking=\"on\" data-newwindow=\"on\" data-pagetextbox=\"off\" data-scrolltotop=\"off\" data-startzoom=\"100\" data-startfpzoom=\"100\" data-toolbar=\"both\" data-toolbar-fixed=\"on\">08_-Karel-Hesselink_berkel-Vreden-Rekken-1<br\/><\/a>\n","protected":false},"excerpt":{"rendered":"<p>Eine Studie wird ausgef\u00fchrt welche M\u00f6glichkeiten es gibt f\u00fcr Renaturierung der Berkel zwischen Vreden in Deutschland und Rekken in den Niederlanden. Es geht hier also um internationale Zusammenarbeit. Sehe hierunter die Pr\u00e4sentation von Karel Hesselink von Waterschap Rijn en IJssel &hellip; <a href=\"https:\/\/deberkel.info\/de\/renaturierung-berkel-vreden-rekken\/\">Weiterlesen <span class=\"meta-nav\">&rarr;<\/span><\/a><\/p>\n","protected":false},"author":1,"featured_media":11788,"parent":0,"menu_order":0,"comment_status":"closed","ping_status":"closed","template":"","meta":{"_exactmetrics_skip_tracking":false,"_exactmetrics_sitenote_active":false,"_exactmetrics_sitenote_note":"","_exactmetrics_sitenote_category":0,"ngg_post_thumbnail":0,"_locale":"de_DE","_original_post":"https:\/\/berkelcompagnie.com\/?page_id=11785","footnotes":"","_links_to":"","_links_to_target":""},"class_list":["post-11791","page","type-page","status-publish","has-post-thumbnail","hentry","de-DE"],"yoast_head":"<!-- This site is optimized with the Yoast SEO plugin v27.5 - https:\/\/yoast.com\/product\/yoast-seo-wordpress\/ -->\n<title>Renaturierung Berkel Vreden-Rekken - Berkel Info<\/title>\n<meta name=\"robots\" content=\"index, follow, max-snippet:-1, max-image-preview:large, max-video-preview:-1\" \/>\n<link rel=\"canonical\" href=\"https:\/\/deberkel.info\/de\/renaturierung-berkel-vreden-rekken\/\" \/>\n<meta property=\"og:locale\" content=\"de_DE\" \/>\n<meta property=\"og:type\" content=\"article\" \/>\n<meta property=\"og:title\" content=\"Renaturierung Berkel Vreden-Rekken - Berkel Info\" \/>\n<meta property=\"og:description\" content=\"Eine Studie wird ausgef\u00fchrt welche M\u00f6glichkeiten es gibt f\u00fcr Renaturierung der Berkel zwischen Vreden in Deutschland und Rekken in den Niederlanden. Es geht hier also um internationale Zusammenarbeit. Sehe hierunter die Pr\u00e4sentation von Karel Hesselink von Waterschap Rijn en IJssel &hellip; Weiterlesen &rarr;\" \/>\n<meta property=\"og:url\" content=\"https:\/\/deberkel.info\/de\/renaturierung-berkel-vreden-rekken\/\" \/>\n<meta property=\"og:site_name\" content=\"Berkel Info\" \/>\n<meta property=\"article:modified_time\" content=\"2020-02-29T17:53:15+00:00\" \/>\n<meta property=\"og:image\" content=\"https:\/\/deberkel.info\/wp-content\/uploads\/2020\/02\/20191127BeekherstelBerkelVredenRekkenFoto-600x338-1.jpg\" \/>\n\t<meta property=\"og:image:width\" content=\"600\" \/>\n\t<meta property=\"og:image:height\" content=\"338\" \/>\n\t<meta property=\"og:image:type\" content=\"image\/jpeg\" \/>\n<meta name=\"twitter:card\" content=\"summary_large_image\" \/>\n<script type=\"application\/ld+json\" class=\"yoast-schema-graph\">{\"@context\":\"https:\\\/\\\/schema.org\",\"@graph\":[{\"@type\":\"WebPage\",\"@id\":\"https:\\\/\\\/deberkel.info\\\/de\\\/renaturierung-berkel-vreden-rekken\\\/\",\"url\":\"https:\\\/\\\/deberkel.info\\\/de\\\/renaturierung-berkel-vreden-rekken\\\/\",\"name\":\"Renaturierung Berkel Vreden-Rekken - Berkel Info\",\"isPartOf\":{\"@id\":\"https:\\\/\\\/deberkel.info\\\/#website\"},\"primaryImageOfPage\":{\"@id\":\"https:\\\/\\\/deberkel.info\\\/de\\\/renaturierung-berkel-vreden-rekken\\\/#primaryimage\"},\"image\":{\"@id\":\"https:\\\/\\\/deberkel.info\\\/de\\\/renaturierung-berkel-vreden-rekken\\\/#primaryimage\"},\"thumbnailUrl\":\"https:\\\/\\\/deberkel.info\\\/wp-content\\\/uploads\\\/2020\\\/02\\\/20191127BeekherstelBerkelVredenRekkenFoto-600x338-1.jpg\",\"datePublished\":\"2020-02-29T17:50:09+00:00\",\"dateModified\":\"2020-02-29T17:53:15+00:00\",\"breadcrumb\":{\"@id\":\"https:\\\/\\\/deberkel.info\\\/de\\\/renaturierung-berkel-vreden-rekken\\\/#breadcrumb\"},\"inLanguage\":\"de\",\"potentialAction\":[{\"@type\":\"ReadAction\",\"target\":[\"https:\\\/\\\/deberkel.info\\\/de\\\/renaturierung-berkel-vreden-rekken\\\/\"]}]},{\"@type\":\"ImageObject\",\"inLanguage\":\"de\",\"@id\":\"https:\\\/\\\/deberkel.info\\\/de\\\/renaturierung-berkel-vreden-rekken\\\/#primaryimage\",\"url\":\"https:\\\/\\\/deberkel.info\\\/wp-content\\\/uploads\\\/2020\\\/02\\\/20191127BeekherstelBerkelVredenRekkenFoto-600x338-1.jpg\",\"contentUrl\":\"https:\\\/\\\/deberkel.info\\\/wp-content\\\/uploads\\\/2020\\\/02\\\/20191127BeekherstelBerkelVredenRekkenFoto-600x338-1.jpg\",\"width\":600,\"height\":338},{\"@type\":\"BreadcrumbList\",\"@id\":\"https:\\\/\\\/deberkel.info\\\/de\\\/renaturierung-berkel-vreden-rekken\\\/#breadcrumb\",\"itemListElement\":[{\"@type\":\"ListItem\",\"position\":1,\"name\":\"Home\",\"item\":\"https:\\\/\\\/deberkel.info\\\/de\\\/\"},{\"@type\":\"ListItem\",\"position\":2,\"name\":\"Renaturierung Berkel Vreden-Rekken\"}]},{\"@type\":\"WebSite\",\"@id\":\"https:\\\/\\\/deberkel.info\\\/#website\",\"url\":\"https:\\\/\\\/deberkel.info\\\/\",\"name\":\"Berkel Info\",\"description\":\"Alles over de Berkel en het Berkeldal, van Billerbeck tot Zutphen\",\"potentialAction\":[{\"@type\":\"SearchAction\",\"target\":{\"@type\":\"EntryPoint\",\"urlTemplate\":\"https:\\\/\\\/deberkel.info\\\/?s={search_term_string}\"},\"query-input\":{\"@type\":\"PropertyValueSpecification\",\"valueRequired\":true,\"valueName\":\"search_term_string\"}}],\"inLanguage\":\"de\"}]}<\/script>\n<!-- \/ Yoast SEO plugin. -->","yoast_head_json":{"title":"Renaturierung Berkel Vreden-Rekken - Berkel Info","robots":{"index":"index","follow":"follow","max-snippet":"max-snippet:-1","max-image-preview":"max-image-preview:large","max-video-preview":"max-video-preview:-1"},"canonical":"https:\/\/deberkel.info\/de\/renaturierung-berkel-vreden-rekken\/","og_locale":"de_DE","og_type":"article","og_title":"Renaturierung Berkel Vreden-Rekken - Berkel Info","og_description":"Eine Studie wird ausgef\u00fchrt welche M\u00f6glichkeiten es gibt f\u00fcr Renaturierung der Berkel zwischen Vreden in Deutschland und Rekken in den Niederlanden. Es geht hier also um internationale Zusammenarbeit. Sehe hierunter die Pr\u00e4sentation von Karel Hesselink von Waterschap Rijn en IJssel &hellip; Weiterlesen &rarr;","og_url":"https:\/\/deberkel.info\/de\/renaturierung-berkel-vreden-rekken\/","og_site_name":"Berkel Info","article_modified_time":"2020-02-29T17:53:15+00:00","og_image":[{"width":600,"height":338,"url":"https:\/\/deberkel.info\/wp-content\/uploads\/2020\/02\/20191127BeekherstelBerkelVredenRekkenFoto-600x338-1.jpg","type":"image\/jpeg"}],"twitter_card":"summary_large_image","schema":{"@context":"https:\/\/schema.org","@graph":[{"@type":"WebPage","@id":"https:\/\/deberkel.info\/de\/renaturierung-berkel-vreden-rekken\/","url":"https:\/\/deberkel.info\/de\/renaturierung-berkel-vreden-rekken\/","name":"Renaturierung Berkel Vreden-Rekken - Berkel Info","isPartOf":{"@id":"https:\/\/deberkel.info\/#website"},"primaryImageOfPage":{"@id":"https:\/\/deberkel.info\/de\/renaturierung-berkel-vreden-rekken\/#primaryimage"},"image":{"@id":"https:\/\/deberkel.info\/de\/renaturierung-berkel-vreden-rekken\/#primaryimage"},"thumbnailUrl":"https:\/\/deberkel.info\/wp-content\/uploads\/2020\/02\/20191127BeekherstelBerkelVredenRekkenFoto-600x338-1.jpg","datePublished":"2020-02-29T17:50:09+00:00","dateModified":"2020-02-29T17:53:15+00:00","breadcrumb":{"@id":"https:\/\/deberkel.info\/de\/renaturierung-berkel-vreden-rekken\/#breadcrumb"},"inLanguage":"de","potentialAction":[{"@type":"ReadAction","target":["https:\/\/deberkel.info\/de\/renaturierung-berkel-vreden-rekken\/"]}]},{"@type":"ImageObject","inLanguage":"de","@id":"https:\/\/deberkel.info\/de\/renaturierung-berkel-vreden-rekken\/#primaryimage","url":"https:\/\/deberkel.info\/wp-content\/uploads\/2020\/02\/20191127BeekherstelBerkelVredenRekkenFoto-600x338-1.jpg","contentUrl":"https:\/\/deberkel.info\/wp-content\/uploads\/2020\/02\/20191127BeekherstelBerkelVredenRekkenFoto-600x338-1.jpg","width":600,"height":338},{"@type":"BreadcrumbList","@id":"https:\/\/deberkel.info\/de\/renaturierung-berkel-vreden-rekken\/#breadcrumb","itemListElement":[{"@type":"ListItem","position":1,"name":"Home","item":"https:\/\/deberkel.info\/de\/"},{"@type":"ListItem","position":2,"name":"Renaturierung Berkel Vreden-Rekken"}]},{"@type":"WebSite","@id":"https:\/\/deberkel.info\/#website","url":"https:\/\/deberkel.info\/","name":"Berkel Info","description":"Alles over de Berkel en het Berkeldal, van Billerbeck tot Zutphen","potentialAction":[{"@type":"SearchAction","target":{"@type":"EntryPoint","urlTemplate":"https:\/\/deberkel.info\/?s={search_term_string}"},"query-input":{"@type":"PropertyValueSpecification","valueRequired":true,"valueName":"search_term_string"}}],"inLanguage":"de"}]}},"rttpg_featured_image_url":{"full":["https:\/\/deberkel.info\/wp-content\/uploads\/2020\/02\/20191127BeekherstelBerkelVredenRekkenFoto-600x338-1.jpg",600,338,false],"landscape":["https:\/\/deberkel.info\/wp-content\/uploads\/2020\/02\/20191127BeekherstelBerkelVredenRekkenFoto-600x338-1.jpg",600,338,false],"portraits":["https:\/\/deberkel.info\/wp-content\/uploads\/2020\/02\/20191127BeekherstelBerkelVredenRekkenFoto-600x338-1.jpg",600,338,false],"thumbnail":["https:\/\/deberkel.info\/wp-content\/uploads\/2020\/02\/20191127BeekherstelBerkelVredenRekkenFoto-600x338-1-150x150.jpg",150,150,true],"medium":["https:\/\/deberkel.info\/wp-content\/uploads\/2020\/02\/20191127BeekherstelBerkelVredenRekkenFoto-600x338-1-300x169.jpg",300,169,true],"large":["https:\/\/deberkel.info\/wp-content\/uploads\/2020\/02\/20191127BeekherstelBerkelVredenRekkenFoto-600x338-1.jpg",584,329,false],"1536x1536":["https:\/\/deberkel.info\/wp-content\/uploads\/2020\/02\/20191127BeekherstelBerkelVredenRekkenFoto-600x338-1.jpg",600,338,false],"2048x2048":["https:\/\/deberkel.info\/wp-content\/uploads\/2020\/02\/20191127BeekherstelBerkelVredenRekkenFoto-600x338-1.jpg",600,338,false],"post-thumbnail":["https:\/\/deberkel.info\/wp-content\/uploads\/2020\/02\/20191127BeekherstelBerkelVredenRekkenFoto-600x338-1-600x288.jpg",600,288,true],"large-feature":["https:\/\/deberkel.info\/wp-content\/uploads\/2020\/02\/20191127BeekherstelBerkelVredenRekkenFoto-600x338-1-600x288.jpg",600,288,true],"small-feature":["https:\/\/deberkel.info\/wp-content\/uploads\/2020\/02\/20191127BeekherstelBerkelVredenRekkenFoto-600x338-1-500x282.jpg",500,282,true]},"rttpg_author":{"display_name":"berkelcompagnie","author_link":"https:\/\/deberkel.info\/author\/berkelcompagnie\/"},"rttpg_comment":0,"rttpg_category":null,"rttpg_excerpt":"Eine Studie wird ausgef\u00fchrt welche M\u00f6glichkeiten es gibt f\u00fcr Renaturierung der Berkel zwischen Vreden in Deutschland und Rekken in den Niederlanden. Es geht hier also um internationale Zusammenarbeit. Sehe hierunter die Pr\u00e4sentation von Karel Hesselink von Waterschap Rijn en IJssel &hellip; Weiterlesen &rarr;","_links":{"self":[{"href":"https:\/\/deberkel.info\/wp-json\/wp\/v2\/pages\/11791","targetHints":{"allow":["GET"]}}],"collection":[{"href":"https:\/\/deberkel.info\/wp-json\/wp\/v2\/pages"}],"about":[{"href":"https:\/\/deberkel.info\/wp-json\/wp\/v2\/types\/page"}],"author":[{"embeddable":true,"href":"https:\/\/deberkel.info\/wp-json\/wp\/v2\/users\/1"}],"replies":[{"embeddable":true,"href":"https:\/\/deberkel.info\/wp-json\/wp\/v2\/comments?post=11791"}],"version-history":[{"count":2,"href":"https:\/\/deberkel.info\/wp-json\/wp\/v2\/pages\/11791\/revisions"}],"predecessor-version":[{"id":11797,"href":"https:\/\/deberkel.info\/wp-json\/wp\/v2\/pages\/11791\/revisions\/11797"}],"wp:featuredmedia":[{"embeddable":true,"href":"https:\/\/deberkel.info\/wp-json\/wp\/v2\/media\/11788"}],"wp:attachment":[{"href":"https:\/\/deberkel.info\/wp-json\/wp\/v2\/media?parent=11791"}],"curies":[{"name":"wp","href":"https:\/\/api.w.org\/{rel}","templated":true}]}}

<p><img loading="lazy" decoding="async" class="alignnone size-full wp-image-11788" src="/wp-content/uploads/2020/02/20191127BeekherstelBerkelVredenRekkenFoto-600x338-1.jpg" alt="" width="600" height="338" srcset="https://deberkel.info/wp-content/uploads/2020/02/20191127BeekherstelBerkelVredenRekkenFoto-600x338-1.jpg 600w, https://deberkel.info/wp-content/uploads/2020/02/20191127BeekherstelBerkelVredenRekkenFoto-600x338-1-300x169.jpg 300w, https://deberkel.info/wp-content/uploads/2020/02/20191127BeekherstelBerkelVredenRekkenFoto-600x338-1-500x282.jpg 500w" sizes="auto, (max-width: 600px) 100vw, 600px" /><br />
Eine Studie wird ausgeführt welche Möglichkeiten es gibt für Renaturierung der Berkel zwischen Vreden in Deutschland und Rekken in den Niederlanden.<br />
Es geht hier also um internationale Zusammenarbeit.</p>
<p>Sehe hierunter die Präsentation von Karel Hesselink von <a href="https://www.wrij.nl" target="_blank" rel="noopener noreferrer">Waterschap Rijn en IJssel</a> (<a href="http://dieberkel.eu/2019/12/04/rueckblick_termin-natur-umwelt-landschaft/" target="_blank" rel="noopener noreferrer">Austausch „Natur, Umwelt und Landschaft an der Berkel“</a>&nbsp;am 27.11.2019 in&nbsp;<a href="https://www.kult-westmuensterland.de/" target="_blank" rel="noopener noreferrer">Kult Westmünsterland</a> in Vreden).</p>
<a href="/wp-content/uploads/2020/02/08_-Karel-Hesselink_berkel-Vreden-Rekken-1.pdf" class="pdfemb-viewer" style="width: 800px; " data-width="800" data-height="max" data-mobile-width="500"  data-scrollbar="none" data-download="on" data-tracking="on" data-newwindow="on" data-pagetextbox="off" data-scrolltotop="off" data-startzoom="100" data-startfpzoom="100" data-toolbar="both" data-toolbar-fixed="on">08_-Karel-Hesselink_berkel-Vreden-Rekken-1<br/></a>

<p>Eine Studie wird ausgeführt welche Möglichkeiten es gibt für Renaturierung der Berkel zwischen Vreden in Deutschland und Rekken in den Niederlanden. Es geht hier also um internationale Zusammenarbeit. Sehe hierunter die Präsentation von Karel Hesselink von Waterschap Rijn en IJssel &hellip; <a href="https://deberkel.info/de/renaturierung-berkel-vreden-rekken/">Weiterlesen <span class="meta-nav">&rarr;</span></a></p>

<!-- This site is optimized with the Yoast SEO plugin v27.5 - https://yoast.com/product/yoast-seo-wordpress/ -->
<title>Renaturierung Berkel Vreden-Rekken - Berkel Info</title>
<meta name="robots" content="index, follow, max-snippet:-1, max-image-preview:large, max-video-preview:-1" />
<link rel="canonical" href="https://deberkel.info/de/renaturierung-berkel-vreden-rekken/" />
<meta property="og:locale" content="de_DE" />
<meta property="og:type" content="article" />
<meta property="og:title" content="Renaturierung Berkel Vreden-Rekken - Berkel Info" />
<meta property="og:description" content="Eine Studie wird ausgeführt welche Möglichkeiten es gibt für Renaturierung der Berkel zwischen Vreden in Deutschland und Rekken in den Niederlanden. Es geht hier also um internationale Zusammenarbeit. Sehe hierunter die Präsentation von Karel Hesselink von Waterschap Rijn en IJssel &hellip; Weiterlesen &rarr;" />
<meta property="og:url" content="https://deberkel.info/de/renaturierung-berkel-vreden-rekken/" />
<meta property="og:site_name" content="Berkel Info" />
<meta property="article:modified_time" content="2020-02-29T17:53:15+00:00" />
<meta property="og:image" content="https://deberkel.info/wp-content/uploads/2020/02/20191127BeekherstelBerkelVredenRekkenFoto-600x338-1.jpg" />
	<meta property="og:image:width" content="600" />
	<meta property="og:image:height" content="338" />
	<meta property="og:image:type" content="image/jpeg" />
<meta name="twitter:card" content="summary_large_image" />
<script type="application/ld+json" class="yoast-schema-graph">{"@context":"https:\/\/schema.org","@graph":[{"@type":"WebPage","@id":"https:\/\/deberkel.info\/de\/renaturierung-berkel-vreden-rekken\/","url":"https:\/\/deberkel.info\/de\/renaturierung-berkel-vreden-rekken\/","name":"Renaturierung Berkel Vreden-Rekken - Berkel Info","isPartOf":{"@id":"https:\/\/deberkel.info\/#website"},"primaryImageOfPage":{"@id":"https:\/\/deberkel.info\/de\/renaturierung-berkel-vreden-rekken\/#primaryimage"},"image":{"@id":"https:\/\/deberkel.info\/de\/renaturierung-berkel-vreden-rekken\/#primaryimage"},"thumbnailUrl":"https:\/\/deberkel.info\/wp-content\/uploads\/2020\/02\/20191127BeekherstelBerkelVredenRekkenFoto-600x338-1.jpg","datePublished":"2020-02-29T17:50:09+00:00","dateModified":"2020-02-29T17:53:15+00:00","breadcrumb":{"@id":"https:\/\/deberkel.info\/de\/renaturierung-berkel-vreden-rekken\/#breadcrumb"},"inLanguage":"de","potentialAction":[{"@type":"ReadAction","target":["https:\/\/deberkel.info\/de\/renaturierung-berkel-vreden-rekken\/"]}]},{"@type":"ImageObject","inLanguage":"de","@id":"https:\/\/deberkel.info\/de\/renaturierung-berkel-vreden-rekken\/#primaryimage","url":"https:\/\/deberkel.info\/wp-content\/uploads\/2020\/02\/20191127BeekherstelBerkelVredenRekkenFoto-600x338-1.jpg","contentUrl":"https:\/\/deberkel.info\/wp-content\/uploads\/2020\/02\/20191127BeekherstelBerkelVredenRekkenFoto-600x338-1.jpg","width":600,"height":338},{"@type":"BreadcrumbList","@id":"https:\/\/deberkel.info\/de\/renaturierung-berkel-vreden-rekken\/#breadcrumb","itemListElement":[{"@type":"ListItem","position":1,"name":"Home","item":"https:\/\/deberkel.info\/de\/"},{"@type":"ListItem","position":2,"name":"Renaturierung Berkel Vreden-Rekken"}]},{"@type":"WebSite","@id":"https:\/\/deberkel.info\/#website","url":"https:\/\/deberkel.info\/","name":"Berkel Info","description":"Alles over de Berkel en het Berkeldal, van Billerbeck tot Zutphen","potentialAction":[{"@type":"SearchAction","target":{"@type":"EntryPoint","urlTemplate":"https:\/\/deberkel.info\/?s={search_term_string}"},"query-input":{"@type":"PropertyValueSpecification","valueRequired":true,"valueName":"search_term_string"}}],"inLanguage":"de"}]}</script>
<!-- / Yoast SEO plugin. -->

Eine Studie wird ausgeführt welche Möglichkeiten es gibt für Renaturierung der Berkel zwischen Vreden in Deutschland und Rekken in den Niederlanden. Es geht hier also um internationale Zusammenarbeit. Sehe hierunter die Präsentation von Karel Hesselink von Waterschap Rijn en IJssel &hellip; Weiterlesen &rarr;
