{"id":7122,"date":"2018-10-24T13:55:25","date_gmt":"2018-10-24T13:55:25","guid":{"rendered":"http:\/\/deberkel.info\/?page_id=7122"},"modified":"2018-10-30T10:02:50","modified_gmt":"2018-10-30T10:02:50","slug":"ijsselkai-berkelmuendung-zutphen","status":"publish","type":"page","link":"https:\/\/deberkel.info\/de\/ijsselkai-berkelmuendung-zutphen\/","title":{"rendered":"IJsselkai \/ Berkelm\u00fcndung Zutphen"},"content":{"rendered":"<p>In Zutphen hat man der IJsselkai ordentlich angefasst in 2017 und 2018 als Teil des&nbsp;<a href=\"https:\/\/www.zutphen.nl\/Inwoners\/Wonen_en_verhuizen\/Bouw_projecten\/Rivier_in_de_Stad\" target=\"_blank\" rel=\"noopener\">Programms &#8218;Rivier in de stad&nbsp;<\/a>.<br \/>\n<a href=\"\/wp-content\/uploads\/2018\/10\/MetamorfoseIJsselkadeZutphen-560x330.jpg\"><img loading=\"lazy\" decoding=\"async\" class=\"alignnone wp-image-7086 size-medium\" src=\"\/wp-content\/uploads\/2018\/10\/MetamorfoseIJsselkadeZutphen-560x330-300x177.jpg\" alt=\"\" width=\"300\" height=\"177\" srcset=\"https:\/\/deberkel.info\/wp-content\/uploads\/2018\/10\/MetamorfoseIJsselkadeZutphen-560x330-300x177.jpg 300w, https:\/\/deberkel.info\/wp-content\/uploads\/2018\/10\/MetamorfoseIJsselkadeZutphen-560x330-500x295.jpg 500w, https:\/\/deberkel.info\/wp-content\/uploads\/2018\/10\/MetamorfoseIJsselkadeZutphen-560x330.jpg 560w\" sizes=\"auto, (max-width: 300px) 100vw, 300px\" \/><\/a><\/p>\n<p>Der Kai hat die Ausstrahlung&nbsp;eines Parks bekommen, die Berkelbr\u00fccke ist ersetzt worden, Pflaster und Beleuchtung sind neu und die Hochwasserschutz ist gr\u00f6\u00dftenteils ersetzt worden.<br \/>\nHierunten die Berkelm\u00fcndung von oben w\u00e4hrend die Arbeiten (foto Sigurd Olivier):<\/p>\n<p><a href=\"\/wp-content\/uploads\/2018\/10\/BerkelMondingFotoSigurdOlivier.jpg\"><img loading=\"lazy\" decoding=\"async\" class=\"alignnone size-medium wp-image-7085\" src=\"\/wp-content\/uploads\/2018\/10\/BerkelMondingFotoSigurdOlivier-300x169.jpg\" alt=\"\" width=\"300\" height=\"169\" srcset=\"https:\/\/deberkel.info\/wp-content\/uploads\/2018\/10\/BerkelMondingFotoSigurdOlivier-300x169.jpg 300w, https:\/\/deberkel.info\/wp-content\/uploads\/2018\/10\/BerkelMondingFotoSigurdOlivier-768x433.jpg 768w, https:\/\/deberkel.info\/wp-content\/uploads\/2018\/10\/BerkelMondingFotoSigurdOlivier.jpg 1024w, https:\/\/deberkel.info\/wp-content\/uploads\/2018\/10\/BerkelMondingFotoSigurdOlivier-500x282.jpg 500w\" sizes=\"auto, (max-width: 300px) 100vw, 300px\" \/><\/a><\/p>\n<p>Mehr Information:<\/p>\n<ul>\n<li><a href=\"https:\/\/www.zutphen.nl\/Inwoners\/Wonen_en_verhuizen\/Bouw_projecten\/Rivier_in_de_Stad\/IJsselkade\" target=\"_blank\" rel=\"noopener\">site van de gemeente Zutphen<\/a><\/li>\n<li><a href=\"https:\/\/www.wrij.nl\/thema\/actueel\/projecten\/hoogwaterkering\/nieuws\/projectnieuws\/28-september\/\" target=\"_blank\" rel=\"noopener\">site van WRIJ<\/a><\/li>\n<li><a href=\"https:\/\/www.contactzutphen.nl\/nieuws\/algemeen\/177731\/werkzaamheden-ijsselkade-en-brug-vastgelegd-op-beeld-\" target=\"_blank\" rel=\"noopener\">site van Contact Zutphen<\/a> (met drone beelden van Sigurd Olivier)<\/li>\n<li><a href=\"https:\/\/www.cobouw.nl\/infra\/bouwbericht\/2018\/10\/metamorfose-voor-ijsselkade-zutphen-101265900?vakmedianet-approve-cookies=1&amp;_ga=2.251208514.550856644.1540068962-798416691.1540068962\" target=\"_blank\" rel=\"noopener\">site van Cobouw<\/a><\/li>\n<li><a href=\"https:\/\/platenkamp-bv.nl\/lopende-projecten\/herinrichting-ijsselkade-te-zu\" target=\"_blank\" rel=\"noopener\">site van Platenkamp<\/a><\/li>\n<li>und ganz viele Bilder der Arbeiten auf <a href=\"https:\/\/www.focusopzutphen.nl\/IJsselkade\/Renovatie-IJsselkade-1\/\" target=\"_blank\" rel=\"noopener\">Focus op Zutphen<\/a><\/li>\n<\/ul>\n<p>Und hier noch mehr Bilder:<\/p>\nngg_shortcode_0_placeholder\n","protected":false},"excerpt":{"rendered":"<p>In Zutphen hat man der IJsselkai ordentlich angefasst in 2017 und 2018 als Teil des&nbsp;Programms &#8218;Rivier in de stad&nbsp;. Der Kai hat die Ausstrahlung&nbsp;eines Parks bekommen, die Berkelbr\u00fccke ist ersetzt worden, Pflaster und Beleuchtung sind neu und die Hochwasserschutz ist &hellip; <a href=\"https:\/\/deberkel.info\/de\/ijsselkai-berkelmuendung-zutphen\/\">Weiterlesen <span class=\"meta-nav\">&rarr;<\/span><\/a><\/p>\n","protected":false},"author":1,"featured_media":0,"parent":0,"menu_order":0,"comment_status":"closed","ping_status":"closed","template":"sidebar-page.php","meta":{"_exactmetrics_skip_tracking":false,"_exactmetrics_sitenote_active":false,"_exactmetrics_sitenote_note":"","_exactmetrics_sitenote_category":0,"ngg_post_thumbnail":0,"_locale":"de_DE","_original_post":"7081","footnotes":"","_links_to":"","_links_to_target":""},"class_list":["post-7122","page","type-page","status-publish","hentry","de-DE"],"yoast_head":"<!-- This site is optimized with the Yoast SEO plugin v27.5 - https:\/\/yoast.com\/product\/yoast-seo-wordpress\/ -->\n<title>IJsselkai \/ Berkelm\u00fcndung Zutphen - Berkel Info<\/title>\n<meta name=\"robots\" content=\"index, follow, max-snippet:-1, max-image-preview:large, max-video-preview:-1\" \/>\n<link rel=\"canonical\" href=\"https:\/\/deberkel.info\/de\/ijsselkai-berkelmuendung-zutphen\/\" \/>\n<meta property=\"og:locale\" content=\"de_DE\" \/>\n<meta property=\"og:type\" content=\"article\" \/>\n<meta property=\"og:title\" content=\"IJsselkai \/ Berkelm\u00fcndung Zutphen - Berkel Info\" \/>\n<meta property=\"og:description\" content=\"In Zutphen hat man der IJsselkai ordentlich angefasst in 2017 und 2018 als Teil des&nbsp;Programms &#8218;Rivier in de stad&nbsp;. Der Kai hat die Ausstrahlung&nbsp;eines Parks bekommen, die Berkelbr\u00fccke ist ersetzt worden, Pflaster und Beleuchtung sind neu und die Hochwasserschutz ist &hellip; Weiterlesen &rarr;\" \/>\n<meta property=\"og:url\" content=\"https:\/\/deberkel.info\/de\/ijsselkai-berkelmuendung-zutphen\/\" \/>\n<meta property=\"og:site_name\" content=\"Berkel Info\" \/>\n<meta property=\"article:modified_time\" content=\"2018-10-30T10:02:50+00:00\" \/>\n<meta property=\"og:image\" content=\"https:\/\/deberkel.info\/wp-content\/uploads\/2018\/10\/MetamorfoseIJsselkadeZutphen-560x330-300x177.jpg\" \/>\n<meta name=\"twitter:card\" content=\"summary_large_image\" \/>\n<meta name=\"twitter:label1\" content=\"Gesch\u00e4tzte Lesezeit\" \/>\n\t<meta name=\"twitter:data1\" content=\"1\u00a0Minute\" \/>\n<script type=\"application\/ld+json\" class=\"yoast-schema-graph\">{\"@context\":\"https:\\\/\\\/schema.org\",\"@graph\":[{\"@type\":\"WebPage\",\"@id\":\"https:\\\/\\\/deberkel.info\\\/de\\\/ijsselkai-berkelmuendung-zutphen\\\/\",\"url\":\"https:\\\/\\\/deberkel.info\\\/de\\\/ijsselkai-berkelmuendung-zutphen\\\/\",\"name\":\"IJsselkai \\\/ Berkelm\u00fcndung Zutphen - Berkel Info\",\"isPartOf\":{\"@id\":\"https:\\\/\\\/deberkel.info\\\/#website\"},\"datePublished\":\"2018-10-24T13:55:25+00:00\",\"dateModified\":\"2018-10-30T10:02:50+00:00\",\"breadcrumb\":{\"@id\":\"https:\\\/\\\/deberkel.info\\\/de\\\/ijsselkai-berkelmuendung-zutphen\\\/#breadcrumb\"},\"inLanguage\":\"de\",\"potentialAction\":[{\"@type\":\"ReadAction\",\"target\":[\"https:\\\/\\\/deberkel.info\\\/de\\\/ijsselkai-berkelmuendung-zutphen\\\/\"]}]},{\"@type\":\"BreadcrumbList\",\"@id\":\"https:\\\/\\\/deberkel.info\\\/de\\\/ijsselkai-berkelmuendung-zutphen\\\/#breadcrumb\",\"itemListElement\":[{\"@type\":\"ListItem\",\"position\":1,\"name\":\"Home\",\"item\":\"https:\\\/\\\/deberkel.info\\\/de\\\/\"},{\"@type\":\"ListItem\",\"position\":2,\"name\":\"IJsselkai \\\/ Berkelm\u00fcndung Zutphen\"}]},{\"@type\":\"WebSite\",\"@id\":\"https:\\\/\\\/deberkel.info\\\/#website\",\"url\":\"https:\\\/\\\/deberkel.info\\\/\",\"name\":\"Berkel Info\",\"description\":\"Alles over de Berkel en het Berkeldal, van Billerbeck tot Zutphen\",\"potentialAction\":[{\"@type\":\"SearchAction\",\"target\":{\"@type\":\"EntryPoint\",\"urlTemplate\":\"https:\\\/\\\/deberkel.info\\\/?s={search_term_string}\"},\"query-input\":{\"@type\":\"PropertyValueSpecification\",\"valueRequired\":true,\"valueName\":\"search_term_string\"}}],\"inLanguage\":\"de\"}]}<\/script>\n<!-- \/ Yoast SEO plugin. -->","yoast_head_json":{"title":"IJsselkai \/ Berkelm\u00fcndung Zutphen - Berkel Info","robots":{"index":"index","follow":"follow","max-snippet":"max-snippet:-1","max-image-preview":"max-image-preview:large","max-video-preview":"max-video-preview:-1"},"canonical":"https:\/\/deberkel.info\/de\/ijsselkai-berkelmuendung-zutphen\/","og_locale":"de_DE","og_type":"article","og_title":"IJsselkai \/ Berkelm\u00fcndung Zutphen - Berkel Info","og_description":"In Zutphen hat man der IJsselkai ordentlich angefasst in 2017 und 2018 als Teil des&nbsp;Programms &#8218;Rivier in de stad&nbsp;. Der Kai hat die Ausstrahlung&nbsp;eines Parks bekommen, die Berkelbr\u00fccke ist ersetzt worden, Pflaster und Beleuchtung sind neu und die Hochwasserschutz ist &hellip; Weiterlesen &rarr;","og_url":"https:\/\/deberkel.info\/de\/ijsselkai-berkelmuendung-zutphen\/","og_site_name":"Berkel Info","article_modified_time":"2018-10-30T10:02:50+00:00","og_image":[{"url":"https:\/\/deberkel.info\/wp-content\/uploads\/2018\/10\/MetamorfoseIJsselkadeZutphen-560x330-300x177.jpg","type":"","width":"","height":""}],"twitter_card":"summary_large_image","twitter_misc":{"Gesch\u00e4tzte Lesezeit":"1\u00a0Minute"},"schema":{"@context":"https:\/\/schema.org","@graph":[{"@type":"WebPage","@id":"https:\/\/deberkel.info\/de\/ijsselkai-berkelmuendung-zutphen\/","url":"https:\/\/deberkel.info\/de\/ijsselkai-berkelmuendung-zutphen\/","name":"IJsselkai \/ Berkelm\u00fcndung Zutphen - Berkel Info","isPartOf":{"@id":"https:\/\/deberkel.info\/#website"},"datePublished":"2018-10-24T13:55:25+00:00","dateModified":"2018-10-30T10:02:50+00:00","breadcrumb":{"@id":"https:\/\/deberkel.info\/de\/ijsselkai-berkelmuendung-zutphen\/#breadcrumb"},"inLanguage":"de","potentialAction":[{"@type":"ReadAction","target":["https:\/\/deberkel.info\/de\/ijsselkai-berkelmuendung-zutphen\/"]}]},{"@type":"BreadcrumbList","@id":"https:\/\/deberkel.info\/de\/ijsselkai-berkelmuendung-zutphen\/#breadcrumb","itemListElement":[{"@type":"ListItem","position":1,"name":"Home","item":"https:\/\/deberkel.info\/de\/"},{"@type":"ListItem","position":2,"name":"IJsselkai \/ Berkelm\u00fcndung Zutphen"}]},{"@type":"WebSite","@id":"https:\/\/deberkel.info\/#website","url":"https:\/\/deberkel.info\/","name":"Berkel Info","description":"Alles over de Berkel en het Berkeldal, van Billerbeck tot Zutphen","potentialAction":[{"@type":"SearchAction","target":{"@type":"EntryPoint","urlTemplate":"https:\/\/deberkel.info\/?s={search_term_string}"},"query-input":{"@type":"PropertyValueSpecification","valueRequired":true,"valueName":"search_term_string"}}],"inLanguage":"de"}]}},"rttpg_featured_image_url":null,"rttpg_author":{"display_name":"berkelcompagnie","author_link":"https:\/\/deberkel.info\/author\/berkelcompagnie\/"},"rttpg_comment":0,"rttpg_category":null,"rttpg_excerpt":"In Zutphen hat man der IJsselkai ordentlich angefasst in 2017 und 2018 als Teil des&nbsp;Programms &#8218;Rivier in de stad&nbsp;. Der Kai hat die Ausstrahlung&nbsp;eines Parks bekommen, die Berkelbr\u00fccke ist ersetzt worden, Pflaster und Beleuchtung sind neu und die Hochwasserschutz ist &hellip; Weiterlesen &rarr;","_links":{"self":[{"href":"https:\/\/deberkel.info\/wp-json\/wp\/v2\/pages\/7122","targetHints":{"allow":["GET"]}}],"collection":[{"href":"https:\/\/deberkel.info\/wp-json\/wp\/v2\/pages"}],"about":[{"href":"https:\/\/deberkel.info\/wp-json\/wp\/v2\/types\/page"}],"author":[{"embeddable":true,"href":"https:\/\/deberkel.info\/wp-json\/wp\/v2\/users\/1"}],"replies":[{"embeddable":true,"href":"https:\/\/deberkel.info\/wp-json\/wp\/v2\/comments?post=7122"}],"version-history":[{"count":3,"href":"https:\/\/deberkel.info\/wp-json\/wp\/v2\/pages\/7122\/revisions"}],"predecessor-version":[{"id":7625,"href":"https:\/\/deberkel.info\/wp-json\/wp\/v2\/pages\/7122\/revisions\/7625"}],"wp:attachment":[{"href":"https:\/\/deberkel.info\/wp-json\/wp\/v2\/media?parent=7122"}],"curies":[{"name":"wp","href":"https:\/\/api.w.org\/{rel}","templated":true}]}}

IJsselkai / Berkelmündung Zutphen

<p>In Zutphen hat man der IJsselkai ordentlich angefasst in 2017 und 2018 als Teil des&nbsp;<a href="https://www.zutphen.nl/Inwoners/Wonen_en_verhuizen/Bouw_projecten/Rivier_in_de_Stad" target="_blank" rel="noopener">Programms &#8218;Rivier in de stad&nbsp;</a>.<br />
<a href="/wp-content/uploads/2018/10/MetamorfoseIJsselkadeZutphen-560x330.jpg"><img loading="lazy" decoding="async" class="alignnone wp-image-7086 size-medium" src="/wp-content/uploads/2018/10/MetamorfoseIJsselkadeZutphen-560x330-300x177.jpg" alt="" width="300" height="177" srcset="https://deberkel.info/wp-content/uploads/2018/10/MetamorfoseIJsselkadeZutphen-560x330-300x177.jpg 300w, https://deberkel.info/wp-content/uploads/2018/10/MetamorfoseIJsselkadeZutphen-560x330-500x295.jpg 500w, https://deberkel.info/wp-content/uploads/2018/10/MetamorfoseIJsselkadeZutphen-560x330.jpg 560w" sizes="auto, (max-width: 300px) 100vw, 300px" /></a></p>
<p>Der Kai hat die Ausstrahlung&nbsp;eines Parks bekommen, die Berkelbrücke ist ersetzt worden, Pflaster und Beleuchtung sind neu und die Hochwasserschutz ist größtenteils ersetzt worden.<br />
Hierunten die Berkelmündung von oben während die Arbeiten (foto Sigurd Olivier):</p>
<p><a href="/wp-content/uploads/2018/10/BerkelMondingFotoSigurdOlivier.jpg"><img loading="lazy" decoding="async" class="alignnone size-medium wp-image-7085" src="/wp-content/uploads/2018/10/BerkelMondingFotoSigurdOlivier-300x169.jpg" alt="" width="300" height="169" srcset="https://deberkel.info/wp-content/uploads/2018/10/BerkelMondingFotoSigurdOlivier-300x169.jpg 300w, https://deberkel.info/wp-content/uploads/2018/10/BerkelMondingFotoSigurdOlivier-768x433.jpg 768w, https://deberkel.info/wp-content/uploads/2018/10/BerkelMondingFotoSigurdOlivier.jpg 1024w, https://deberkel.info/wp-content/uploads/2018/10/BerkelMondingFotoSigurdOlivier-500x282.jpg 500w" sizes="auto, (max-width: 300px) 100vw, 300px" /></a></p>
<p>Mehr Information:</p>
<ul>
<li><a href="https://www.zutphen.nl/Inwoners/Wonen_en_verhuizen/Bouw_projecten/Rivier_in_de_Stad/IJsselkade" target="_blank" rel="noopener">site van de gemeente Zutphen</a></li>
<li><a href="https://www.wrij.nl/thema/actueel/projecten/hoogwaterkering/nieuws/projectnieuws/28-september/" target="_blank" rel="noopener">site van WRIJ</a></li>
<li><a href="https://www.contactzutphen.nl/nieuws/algemeen/177731/werkzaamheden-ijsselkade-en-brug-vastgelegd-op-beeld-" target="_blank" rel="noopener">site van Contact Zutphen</a> (met drone beelden van Sigurd Olivier)</li>
<li><a href="https://www.cobouw.nl/infra/bouwbericht/2018/10/metamorfose-voor-ijsselkade-zutphen-101265900?vakmedianet-approve-cookies=1&amp;_ga=2.251208514.550856644.1540068962-798416691.1540068962" target="_blank" rel="noopener">site van Cobouw</a></li>
<li><a href="https://platenkamp-bv.nl/lopende-projecten/herinrichting-ijsselkade-te-zu" target="_blank" rel="noopener">site van Platenkamp</a></li>
<li>und ganz viele Bilder der Arbeiten auf <a href="https://www.focusopzutphen.nl/IJsselkade/Renovatie-IJsselkade-1/" target="_blank" rel="noopener">Focus op Zutphen</a></li>
</ul>
<p>Und hier noch mehr Bilder:</p>
ngg_shortcode_0_placeholder

<p>In Zutphen hat man der IJsselkai ordentlich angefasst in 2017 und 2018 als Teil des&nbsp;Programms &#8218;Rivier in de stad&nbsp;. Der Kai hat die Ausstrahlung&nbsp;eines Parks bekommen, die Berkelbrücke ist ersetzt worden, Pflaster und Beleuchtung sind neu und die Hochwasserschutz ist &hellip; <a href="https://deberkel.info/de/ijsselkai-berkelmuendung-zutphen/">Weiterlesen <span class="meta-nav">&rarr;</span></a></p>

<!-- This site is optimized with the Yoast SEO plugin v27.5 - https://yoast.com/product/yoast-seo-wordpress/ -->
<title>IJsselkai / Berkelmündung Zutphen - Berkel Info</title>
<meta name="robots" content="index, follow, max-snippet:-1, max-image-preview:large, max-video-preview:-1" />
<link rel="canonical" href="https://deberkel.info/de/ijsselkai-berkelmuendung-zutphen/" />
<meta property="og:locale" content="de_DE" />
<meta property="og:type" content="article" />
<meta property="og:title" content="IJsselkai / Berkelmündung Zutphen - Berkel Info" />
<meta property="og:description" content="In Zutphen hat man der IJsselkai ordentlich angefasst in 2017 und 2018 als Teil des&nbsp;Programms &#8218;Rivier in de stad&nbsp;. Der Kai hat die Ausstrahlung&nbsp;eines Parks bekommen, die Berkelbrücke ist ersetzt worden, Pflaster und Beleuchtung sind neu und die Hochwasserschutz ist &hellip; Weiterlesen &rarr;" />
<meta property="og:url" content="https://deberkel.info/de/ijsselkai-berkelmuendung-zutphen/" />
<meta property="og:site_name" content="Berkel Info" />
<meta property="article:modified_time" content="2018-10-30T10:02:50+00:00" />
<meta property="og:image" content="https://deberkel.info/wp-content/uploads/2018/10/MetamorfoseIJsselkadeZutphen-560x330-300x177.jpg" />
<meta name="twitter:card" content="summary_large_image" />
<meta name="twitter:label1" content="Geschätzte Lesezeit" />
	<meta name="twitter:data1" content="1 Minute" />
<script type="application/ld+json" class="yoast-schema-graph">{"@context":"https:\/\/schema.org","@graph":[{"@type":"WebPage","@id":"https:\/\/deberkel.info\/de\/ijsselkai-berkelmuendung-zutphen\/","url":"https:\/\/deberkel.info\/de\/ijsselkai-berkelmuendung-zutphen\/","name":"IJsselkai \/ Berkelmündung Zutphen - Berkel Info","isPartOf":{"@id":"https:\/\/deberkel.info\/#website"},"datePublished":"2018-10-24T13:55:25+00:00","dateModified":"2018-10-30T10:02:50+00:00","breadcrumb":{"@id":"https:\/\/deberkel.info\/de\/ijsselkai-berkelmuendung-zutphen\/#breadcrumb"},"inLanguage":"de","potentialAction":[{"@type":"ReadAction","target":["https:\/\/deberkel.info\/de\/ijsselkai-berkelmuendung-zutphen\/"]}]},{"@type":"BreadcrumbList","@id":"https:\/\/deberkel.info\/de\/ijsselkai-berkelmuendung-zutphen\/#breadcrumb","itemListElement":[{"@type":"ListItem","position":1,"name":"Home","item":"https:\/\/deberkel.info\/de\/"},{"@type":"ListItem","position":2,"name":"IJsselkai \/ Berkelmündung Zutphen"}]},{"@type":"WebSite","@id":"https:\/\/deberkel.info\/#website","url":"https:\/\/deberkel.info\/","name":"Berkel Info","description":"Alles over de Berkel en het Berkeldal, van Billerbeck tot Zutphen","potentialAction":[{"@type":"SearchAction","target":{"@type":"EntryPoint","urlTemplate":"https:\/\/deberkel.info\/?s={search_term_string}"},"query-input":{"@type":"PropertyValueSpecification","valueRequired":true,"valueName":"search_term_string"}}],"inLanguage":"de"}]}</script>
<!-- / Yoast SEO plugin. -->

IJsselkai / Berkelmündung Zutphen - Berkel Info

In Zutphen hat man der IJsselkai ordentlich angefasst in 2017 und 2018 als Teil des&nbsp;Programms &#8218;Rivier in de stad&nbsp;. Der Kai hat die Ausstrahlung&nbsp;eines Parks bekommen, die Berkelbrücke ist ersetzt worden, Pflaster und Beleuchtung sind neu und die Hochwasserschutz ist &hellip; Weiterlesen &rarr;
